3823 - (-74 + 2).
15
What is the value of -21 - (36 - 24 - 11 - -13)?
-35
(62 - (2 + 45)) + 12 + 0
27
What is (-30 - -1) + 15 + (-18 - (-9 - 9)) + -19?
-33
What is (-1 - -1) + -561 + 523 - 32?
-70
What is the value of 38 - (-49 + 3 + 49)?
35
Calculate 65 - (2 - (-136 - -56)).
-17
Evaluate 3 - 12 - (61 + -75) - (7 + -3 - 65).
66
What is the value of -26 + -6 + 8 + (3 - (-11 - -11))?
-21
What is the value of (-16295 - -16390) + (-1 - -19)?
113
6 + -139 + -43 + 122
-54
44 + (57 - 150) - -150
101
-2 + -2 + 38 + -9 - (-51 - -45)
31
What is the value of -10 + -13 + (9 - -4) + 2 + 77?
69
What is -58 + (38 - 16) + -22?
-58
21 + -3 + 33 + -87 + -17
-53
-62 - (-24 + -19 + 6 - -35)
-60
Evaluate (-4 + (-16 + 16 - -9) - 14) + (-19 - -9).
-19
Evaluate (21 - 74) + 0 + 32.
-21
What is (143 - 136) + (-6 - 24)?
-23
Evaluate -130 + (-9 - (-2 + 5)) + (15 - (-5 - -5)).
-127
-187 - -163 - (24 - 98)
50
(75 - 126) + 183 + (-7 - 6) - (-7 - 0)
126
Evaluate -20 + (158 + -33 - 121) + (-89 - 1).
-106
Calculate -26 + 64 - 20 - -3 - 12.
9
Calculate 2 + 4 - (18 - (3 + -81 + 6 + -10)).
-94
What is -7 - (18 - (5 - (-2 + -20 + 20)))?
-18
Calculate (63 - (60 + -80)) + 1 + -16.
68
What is 11 + -1 + (5 - (-10 - -26))?
-1
Calculate -10 + (-3 - -17 - (0 - (-62 - -25))).
-33
What is the value of 0 + -6 - (-666 + 680 + (3 - 5 - 48))?
30
Calculate 53 + (-7 - (29 + -20 - (11 - 4))).
44
What is the value of 1 - 97 - (-73 - 109)?
86
What is 788 + -836 - (-4 - (2 - (-4 - 1)))?
-37
Calculate (-236 - -311) + -45 + 0.
30
Calculate 1 + -7 - (17 + -90 - -31 - -28) - -90.
98
What is (8 - (9 + 1)) + -11 - (13 + -32)?
6
Calculate -47 - (7 - 1 - (18 + (-17 - -4))).
-48
What is -3200 - -3134 - (42 - -3)?
-111
Evaluate (1137 + -1129 - (-1 - -29)) + -20.
-40
Calculate 9 + -9 + -5 + -9 + (31 - 67 - 26).
-76
Evaluate -85 + 11 + -8 - (-24 + 2).
-60
What is (106 + -3 - (-5 + 12)) + -7 + -6 + 20?
103
-15 - -27 - (-13 - 1 - -11 - (82 + -3))
94
-4 - (126 + -137 + (2 - 4) + 43)
-34
What is 5 + (15 - ((1 + -21 - -4) + 8)) - -11?
39
What is -115 + (53 - (47 - 32)) + 0 + 5?
-72
Evaluate -3308 - -3310 - (-20 + -5 + 6).
21
What is the value of 6 + -8 - (120 + -117) - -16?
11
What is the value of -3 + -50 + (174 - 20)?
101
Evaluate 173 - (-74 + 240 - 127).
134
Calculate 29 + (-30 - (9 + 4)) - (-3 + 2 - -74).
-87
(5 + 2 - 5) + 10 - (12 + 24)
-24
What is the value of (141 - 139) + -11 + (-7 - -75)?
59
Evaluate 26 + 30 + -58 + 27.
25
Evaluate 165 + -88 + -29 - (0 + -3).
51
What is (22 - (-84 - -9)) + -147?
-50
Calculate 8 - ((-2 - -26) + -4 + -19).
7
What is the value of -6 + 114 - (110 - (-41 + 125))?
82
-103 - (50 - (100 + 5))
-48
Evaluate (11 - 27) + 49 + (-2 - (5 - (-1 + 5))).
30
What is the value of -45 + 29 + -4 + (-1 - -2) - -22?
3
What is the value of (1 - -61) + 287 + (-266 - -26)?
109
What is 40 + -76 + -6 - -87?
45
Evaluate 92 + -1 + 10 + (7 - -46) + -37.
117
What is 8 - (4 - 61 - (1 - (-5 + 3 + 8)))?
60
What is the value of 4 + 40 + 26 + -9 + -18?
43
What is 78 - (-16 + (44 - -50))?
0
What is the value of 14 - ((-29 - -44) + (4 - 7))?
2
What is -357 + 315 - (-6 - 24)?
-12
Calculate (-17 - (2 - (13 - 2))) + 23.
15
78 - (-14 + 10 - -19)
63
-17 + 1 - (41 - (-42 - -100))
1
41 - (-19 + -25 - -31)
54
-42 + 2 - (1415 + -1418)
-37
Calculate 10 + -1 + 9 + 19 + -13 + 12 + -56.
-20
What is the value of (44 + -71 - -49) + -23?
-1
Evaluate 16 + (-23 - -1) + -31 - ((-7 - -2) + 12).
-44
Evaluate 1884 + -1903 + 2 + -11.
-28
What is -1 - (36 - (-22 + 76))?
17
-4 - 11 - (74 - 28)
-61
What is the value of -42 - -2 - (180 - 145)?
-75
What is the value of -5 + 45 - 0 - (517 + -369)?
-108
What is the value of -78 + (13 - (1 - -5)) + -12 + (6 - -12)?
-65
What is the value of 204 - 207 - (-2 + (3 + 2 + -5 - -20))?
-21
Evaluate 11 + (-1 - -1) + -36 + -23 + -33.
-81
Calculate (15 + (1 - 19) - (4 + 11 - -2)) + 9.
-11
5 - (-2 - -13 - 19) - -17
30
What is the value of 9 + (44 - (-126 + 125 - (13 - -4)))?
71
-5 - ((-9 - -27) + (17 + -12 - -10))
-38
120 - (97 - 192 - -129)
86
Evaluate -8 + (-15 + -55 - -36 - (-2 - 3)).
-37
7 + 75 + 272 + -310
44
Evaluate -64 + 8 + (-21 - -72).
-5
18 - ((28 - 32) + 17)
5
What is the value of -20 - (0 + -87 + 31) - -3?
39
Evaluate -25 + (-8 + 1 - -14) + 14.
-4
Calculate -14 + (43 + -10 - 19 - (-1 - 5)) + -8.
-2
Calculate -416 - -411 - (-10 - -7 - (-73 + (0 - 5))).
-80
Calculate 16 - (-1 - -23) - (11 - (-12 - -7)).
-22
Evaluate 1 + 1 + 39 - (-81 - (-58 + -35)).
29
What is the value of 3 - (-13 - (-8 - 31))?
-23
Calculate (-9 + -2 + 10 - (9 - 2)) + 21.
13
What is (41 - 75) + 23 + -15?
-26
-8 - (0 - 3) - ((0 - -5) + (189 - 188))
-11
What is 25 + (-17 - (-31 + (12 - (-12 + 9))))?
24
Calculate (3 - (18 + 3)) + 19 + -23.
-22
16 - (5 + 17 + -8) - (-5 - (-25 - -4))
-14
Evaluate (0 - 3) + -9 + -55.
-67
What is the value of -6 + 26 + -10 - (2 - 5) - (-5 - 74)?
92
What is 20 + (-3 - -9) - (310 + -239)?
-45
What is the value of 0 - (-3 - 51) - (-12 + 6 + 9)?
51
What is the value of -1 + 4 + (1 - 0) - (-108 + -69 + 150)?
31
-235 + (-99 - -198 - -67)
-69
Calculate -67 + 81 + (-100 - 2 - -13).
-75
What is the value of (4 - (1 + -11)) + 47 + -36?
25
Calculate -20 + -32 + 34 + (-41 - 7).
-66
Evaluate 17 + (0 - (-19 + 24 + -6)).
18
Evaluate (0 - 5) + 0 + -3 + (2164 - 2070).
86
Evaluate 0 + 13 - (-142 - -70 - -53).
32
What is 2 + 448 + -464 + (28 - 2) + -94 + -2?
-84
9 + (539 - 514) + (-14 - (-1 + -1))
22
What is 113 - 135 - (64 + -1) - (18 + 5)?
-108
Calculate (-40 - -40) + 9 + -5 + 2 + (-73 - 0).
-67
What is the value of 0 + 4 + 29 + -42 + -107 + 12?
-104
Evaluate (-32 + 74 - (-166 + 152)) + 12 + 0 + 0.
68
Evaluate -800 - -903 - (53 + 1).
49
What is -22 - (-23 + (16 - (29 - 14)))?
0
What is the value of (6 - 7) + 6 + 82 + 4 - (51 + -41)?
81
Evaluate 8 - (-16 + -28 + 53).
-1
What is the value of (-27 - -65 - 71) + 71?
38
What is the value of (11 + -2 - (-38 - -44)) + 36?
39
What is the value of 98 - (2 + (-4 - 34) + (-383 - -398))?
119
What is the value of 4 + (-1 + -8 - (-40 + (77 - 52)))?
10
3 + -11 + 6 - 12 - 14
-28
Evaluate -38 + 10 + (649 - 686).
-65
Calculate 130 + (-25 - (97 + -34)).
42
(194 - 289) + -7 + 162
60
What is the value of -40 + -8 - (1634 + -1729)?
47
What is the value of (1 + -4 - ((36 - 94) + 50) - 13) + 63?
55
What is the value of (-52 - -69 - 31) + 64?
50
-69 + 15 + (44 + -72 - 3)
-85
Calculate 1 + -10 - (-9 + 20 + 11 + -9).
-22
What is the value of -1 - -97 - ((2903 - 2956) + (-1 - -47))?
103
What is the value of 44 - (30 - -29) - (-1 - 14)?
0
-131 + -1 + 109 - (1 - 3)
-21
6 + 3 - (-1 + 2) - (680 - 675)
3
What is the value of -5 + 0 + (-38 - -41 - (-57 + 0 - 3))?
58
What is -11 + (-57 - -58 - -38)?
28
Evaluate (953 - 903) + 1 + -2.
49
Evaluate 5 + (85 + -116 - (3 + 67)).
-96
What is (573 - 94 - 463) + 22 + (1 - 0)?
39
What is the value of -8 + 33 + 11 + -41 + 149 + (2 - 3)?
143
What is the value of (-1 - 54) + 0 + 5 + -11 - -12?
-49
What is -14 - -5 - (-144 + 10 - (-15 + -3 + 3))?
110
Calculate -4 + -16 + 97 + -142.
-65
What is the value of 62 - (44 - -11 - -41)?
-34
Calculate (91 - 7) + -11 + 29.
102
What is the value of 20 + -52 + 84 + -12?
40
What is 110 + -39 - 143 - (-20 - -1)?
-53
Evaluate -19 + 1 + (-227 - -256).
11
-30 + 25 + 95 + -102
-12
What is (-43 - -193 - 290) + 142?
2
Evaluate 0 + -5 - (81 - (22 - -43)).
-21
Calculate -46 + (-7 + 32 - -4 - 20).
-37
Evaluate -8 - (4 + (27 - 35)).
-4
What is (1 - (-11 + 0 + 5 + -5)) + -6 + -32?
-26
Calculate -6 + (13 - 42 - 16) + -5.
-56
Evaluate 1 + -3 - (30 - 18 - (-1 - 8)).
-23
Evaluate -18 - -3 - -2 - (-84 + (22 - -32)).
17
Evaluate (-670 - -735) + -4 + -2 + -17.
42
Calculate 13 - ((-34 - -4) + 19).
24
What is -70 - (35 + -50 + -67)?
12
What is the value of -34 + 10 + (-4 + 8 + -24 - -10)?
-34
Calculate -5 + 21 + 6 + (3 - (17 - 7)).
15
What is the value of 879 - 878 - (2 + -28)?
27
What is the value of (88 - -40) + -73 - 66?
-11
What is -18 - (-14 + (-32 - -18)) - 4 - 156?
-150
Evaluate 3551 - 3250 - (-1 + 161).
141
What is the value of -2 - (-4 - -20) - 14 - -21?
-11
24 - (10 - (-47 - -22))
-11
What is (18 - -7) + -8 - (-15 - 16 - 44)?
92
(-1 - 11 - (-24 + -6 + 20 - 14)) + -116
-104
What is -52 - (-17 + -22 + -19)?
6
Calculate -2 + (-1 - 2) + (2906 - 2841).
60
What is (1 + 8 - 0) + (-4026 - -4027) + (-84 - 3)?
-77
Evaluate 100 + 16 + -25 + -3 +